
16
What is (23 - -5 - -4) + 307 + -336?
3
Calculate 81 - (8 + 1 - (158 + -153) - (7 - 7)).
77
What is the value of 99 - (84 - -28 - 116)?
103
Evaluate (-11 - -17) + -12 + 11 + -1 - (18 + 32).
-46
Calculate -1 + 32 - (-16 - -45 - 32 - -11).
23
Evaluate -24 + -2 + -62 + 115 + -92.
-65
What is the value of -40 - (-41 + 23 + 20 - -2)?
-44
What is 9 + (10 - (-39 - (-11 + 0) - (6 - -3)))?
56
What is (75 - (43 - 7)) + -132?
-93
What is the value of -76 - 47 - -124 - (-1 - -16)?
-14
-22 + -29 + 64 + 2 + -12 - -2
5
(-5 + -3 - 0) + 37 - (-1 - -2)
28
What is the value of ((-38 - -22) + -17 - -114) + 24?
105
Calculate 33 - (-5 - (7 + -24 - -6)).
27
(6 - -1) + (33 - 61 - -13) + -8
-16
What is 134 + -23 + -51 - 120?
-60
What is -96 - -56 - -42 - -28?
30
Evaluate 0 - (-89 + 144 - 172).
117
What is the value of -18 + 13 + (-7 - (-4 - (9 + -3)))?
-2
Calculate -45 - -1 - (-5 - 29) - -35.
25
Evaluate 41 - (200 - 54 - 91).
-14
What is -15468 - -15473 - (0 + 3 + -3 + -109)?
114
What is the value of -198 + (-155 - -282) + (17 - 0 - -1)?
-53
65 - (33 - (4 - -17) - -10)
43
21 + -144 - -37 - (6 - 36)
-56
Evaluate 23 + -2 + (-11 + (39 - 3) - -16).
62
Calculate 1 + -1 - (-85 - (86 + -142)).
29
12 - 0 - (16 + -12 + 8 + -8) - -2
10
What is -6 + (-11 + 2 - 11) + -5?
-31
What is the value of (-11 - (1 + -13 - (-200 - -196))) + 39?
36
Calculate (88 - 19) + -28 + -35.
6
Evaluate 2 + -3 + (-2 - (1 + -4)) - (-51303 + 51276).
27
What is the value of (-10 - ((-17 - -6) + -4)) + -10 + 37?
32
What is the value of 48 + (-73 - 15) + 36?
-4
What is (-53 + -2 - (9 - 5)) + -31 + 44?
-46
Evaluate 2 - (55 - (-58 + 11)).
-100
What is -17 - 27 - 3 - -39?
-8
What is (-1 - 94) + (-345 - -73) + 316?
-51
(-14 - 0) + 9 + 8 + 1 + -13 + 0
-9
Calculate -36 + -47 + -13 + 111.
15
What is (11 - 88 - -82) + (-1 + 0 - -8)?
12
2 + 14 + (8 + 6 + 0 - 72)
-42
What is the value of -19 + -18 + (-15 - 10) + 48?
-14
Calculate -5 + (3 - 10) - (-773 + 753).
8
What is the value of (33 - 34 - -19) + -24?
-6
9 - (-1 + -15 - (-14 + 73 + -58))
26
What is the value of 18 - (2 - -4) - (278 + -245)?
-21
What is 17 + (-30 - (-59 + 3))?
43
Calculate (6 - (1 + -9) - 26) + (7 - 4).
-9
What is 532 - 428 - ((26 - 1) + 4)?
75
-129 - ((10 - 356) + 147)
70
Evaluate 227 + -285 - (-20 + 6 - 15).
-29
What is 0 + -4 - 8 - (-120 - -98) - -89?
99
What is -78 - -33 - (13 + -24)?
-34
What is 1 + -2 + (-43 - 2 - (7 + -20 + 8))?
-41
Calculate 126 + (52 - 249) - -6.
-65
What is the value of 42 - (25 - (29 - 36) - 17)?
27
What is the value of 30 - (-110 - -97 - (-24 + -3))?
16
What is the value of (-4 - (67 + -5)) + 1 + (12 - -44) + -50?
-59
-38 + 42 - (1 - -6) - -21 - 94
-76
What is the value of 26 - 5 - (-31 + 82 - 20)?
-10
What is (21 - 20) + -65 + 130?
66
Evaluate 22 - (-8 - (-13 + 15 - 1)) - 1.
30
What is 3 + -6 + -39 + (-1 - 11 - 4) + 3?
-55
-85 + 93 + (-5 - (5 + 17)) + 86
67
-45 + 1 - (-29 + (-10 - -6))
-11
(-342 - -324) + (92 - 0) + 31
105
What is -1 - (30 + -22 + -31) - (-62 + -1)?
85
-53 + 40 - ((7 - 4) + -40 - 8)
32
Calculate -65 - -5 - (-6 - (7 - (4 + 1))).
-52
Evaluate -80 + (59 - (15 - 8)).
-28
What is (-33 + 48 - -65 - -1) + (-6 - -1 - 1)?
75
-35 - -26 - (2 - 11 - -3 - 72)
69
Evaluate 0 + (0 - 3) + 8 - (49 - (33 + -54)).
-65
Calculate 354 - 328 - (18 - -2).
6
Calculate -46 - (-79 - (-24 - -10)).
19
What is -8 + 1 + (3 - 9) - (-30 + 6) - 135?
-124
What is the value of 10 + (32 - 113) - (-42 + 40)?
-69
2 + 1 + -32 + 36
7
Calculate (-44 - (-23 - -36)) + 18.
-39
Calculate 6 - (-11 + 27 + -9 + 1 - 16) - 155.
-141
What is -64 + (-55 + 14 - -28 - -24)?
-53
(85 - 34 - -28 - 17) + -28
34
What is (16 - 1) + 54 + 30 + -140?
-41
What is -4 + (11 - 56 - 11) + (7 - (4 + -2))?
-55
Evaluate (237 - 238 - (0 + -14)) + -26 - -5.
-8
Calculate -2 - 1 - -28 - (1117 + -1079).
-13
-98 + 124 + 34 - (0 - 14)
74
What is the value of -33 - (1 - 0) - (-739 + 732)?
-27
What is the value of -11 + (53 + -8 - -69)?
103
What is the value of (-12 - -41) + -13 + -23 + 103?
96
Evaluate 17 + 44 + -38 - -10.
33
-9 + 0 + -69 + (5 - 13 - 1 - -16)
-71
What is -5 + 4 + (0 - 6) + (30 + -25 - 16)?
-18
What is -41 + (-32 + 64 - 32)?
-41
What is the value of 25 + (23 - 34) + (7 - (9 - 4))?
16
What is the value of -119 - -6 - -144 - 6?
25
What is 34 + 37 + -59 + 4?
16
What is 1 + -48 + (6 - (11 + -1 + -10))?
-41
Calculate -128 + (-84 - -170) + -58.
-100
What is -12 + (-99 + 67 - -69)?
25
Evaluate (-104 - -108) + (-96 - -120).
28
Calculate (-8 - (-2 + (2 - 31) + 31 + -35)) + 2.
29
Calculate (1 - 13) + 143 + (-209 - -56).
-22
Calculate -6 - (-27 + 63 + -39 - (7 - -3)).
7
What is the value of 3 - 127 - (-112 - -101 - -17)?
-130
(36 + -27 - -37) + -13
33
Evaluate -72 - (-3 + (-136 - -26)).
41
What is the value of -8 - (7 + 50 + -9 - (8 - 5 - -4))?
-49
Calculate 88 - (117 + 140) - -83.
-86
Calculate -2 + 6 + -8 - (3 + 5).
-12
Evaluate (-56 - (3 + -66)) + (12 + 67 - (1 + -2)).
87
Evaluate -22 + 19 - 9 - (-40 + -12).
40
(1 - -26 - (-1791 - -1805)) + (-52 - (1 - -1))
-41
What is 32 - ((-6 - 6) + 209 + -293)?
128
1 - (-58 + (-5 + (-16 - -3) - (-52 + 43)))
68
Calculate (7 - -5) + (25 - 42) + 4 - (44 + 0).
-45
Calculate -23 - (-29 - 64) - 125.
-55
What is ((-19 + 3 - -13) + -11 + 6 - -8) + -28?
-28
31 - (-4 + 8) - (22 - (20 - 0))
25
Calculate (285 - 290) + (30 - (3 + (-3 - -1))).
24
Evaluate (-426 - -460) + 3 + -93.
-56
What is the value of -117 + 160 + -146 - -189?
86
-17 - -2 - -1 - (-131 - 29 - -34)
112
Evaluate 20 - (-42 - -22 - -15).
25
(-17 + -21 - (-15 - (-2 + -3))) + -1 + 2
-27
What is the value of 18061 + -18209 - (-40 - 0)?
-108
49 + -73 + 33 + -82
-73
Evaluate (-1 - -18) + (12 - (-1 - 1 - (-135 - -115))).
11
(10 - -64 - 33) + 2 + -16
27
Calculate -4 + 2 - 4 - (38 - 33 - 43 - -43).
-11
What is (-2 + 1 - 0) + (-106 - (-9 + -42) - -192)?
136
What is the value of -67 + (28 - -42) - (7 + -1)?
-3
Evaluate 8 - (61 + 0 + -12 + -7).
-34
Calculate (-4 - -12) + (-4 + (-1 - (-1 - -1)) - -44).
47
Calculate (-128 + 39 - -37) + 28.
-24
What is 9 + -13 + -6 - (2 - -11)?
-23
Evaluate 19 + (-7 - ((-14 - -6) + 5)) + 54.
69
Evaluate 10 - (-2 - -30 - -12) - 44.
-74
Calculate 764 + -797 - (-150 - 24).
141
Calculate 96 - (-13 + 9 + -4 + 4 + -70 + 66).
104
What is the value of (-6 - -9) + 93 + (74 - (63 + 6))?
101
Calculate 6 + -2 + -2 + -2664 + 2643.
-19
What is 40 - 0 - (-4 - (-4 + (1 - 12) + 17))?
46
-14 - ((-4 - (-4 + 17)) + 10 + -36)
29
What is the value of 131 - (107 + -70 + 27)?
67
What is the value of 19 + -56 + (21 - 0) - 15?
-31
What is the value of 14 + (89 - 86) - (-70 - (0 + 0))?
87
What is the value of (31583 - 31600) + 0 + 36 + 2?
21
Evaluate 11 + 46 + 14 + -86.
-15
Evaluate -2 - (-56 + (10 - (-13 - (25 - 9 - 40)))).
55
What is -5 - 156 - (12 + -62 + 21)?
-132
What is the value of -55 + (-20 + 0 + -3 + 12 - (1 - 11))?
-56
-70 - 21 - -130 - -36
75
Evaluate -10 + -24 + (43 + -28 - (8 - 0)).
-27
Evaluate (10 - -48 - 3) + -12.
43
What is -14 + 4 - -8 - (-50 - -46)?
2
Evaluate (1 - 13) + (1187 - 1216) - (14 - (2 + 1)).
-52
What is (-1 + -13 + 5 - (1663 - 1770)) + (0 - 0)?
98
Evaluate (-21 - 1) + 40 + 166 + -157.
27
Calculate 3 + 95 + (15 + 3 - 5) + -27.
84
-83 + (7 - -56) + -31
-51
-27 + (0 - -22) + -3 + 12 + 9 - -2
15
Evaluate -8 + 18 - 31 - (3 + -31).
7
Calculate 6 - (7 + (21 + 6 - -16)).
-44
What is the value of (-18 - -10 - (13 - (-5 + 37))) + -52?
-41
Evaluate -16 - 1 - (-51 - -122 - 108).
20
Evaluate 1 - (-5 + 2 + 0 + (-4 - -5) + 8).
-5
Evaluate -23 - -9 - 39 - 4.
-57
Evaluate -27 + 10 + 106 + -46.
43
What is the value of (-2 + 0 - 3) + (-2 + -50 - (145 - 165))?
-37
44 + (-15 - -93 - 148)
-26
What is the value of -15 - (-48 - (-2 - -32))?
63
What is the value of 184 + -28 + -1 + -69?
86
Calculate 28 + -101 - 62 - -84.
-51
What is the value of 35 - (105 + -39 + -46)?
15
What is the value of 27 + (10 - (-30 - -40 - -21))?
6
What is -40 - (-13 + -92 + (55 - 25))?
35
What is the value of 74 + (104 - 84 - (20 + -1)) + -3?
72
-46 + (15 - 1) + -19 + (21 - -5)
-25
-13 + 72 + -72 - 36
-49
What is the value of 13 - (118 + -80 + 81 + (3 - 1) + 7)?
-115
What is 48 + 96 + -55 - 61?
28
What is -1 + -19 + -25 + (13 - (-2 + 4))?
-34
What is -82 - -40 - (5 - 35) - (52 + 3 + -1)?
-66
(1 - -4 - 10) + 1 + (-11 - -8 - -1)
-6
Calculate 11 + (24 - 1) - -29.
63
-46 + (-5 + 9 + -19 + 6 - -2) - 0
-53
